 = 2, -2*t - r = -3*t + 5. Suppose 0*f + 264 = 4*f - b, -t*b - 122 = -2*f. What are the prime factors of f?
67
Suppose t = 2*t - 2. Let r(d) = 16*d**2 - d - 1. What are the prime factors of r(t)?
61
Suppose -16 = -3*r - 1. Suppose 0 = -5*j - 3*p + 163, r*j + p - 66 = 3*j. List the prime factors of j.
5, 7
Suppose 1192 = -8*c + 12*c. List the prime factors of (-2)/4 - (-2)/8*c.
2, 37
Suppose -5*b = -4*r - 3351, 238 = 4*b + 4*r - 2450. List the prime factors of b.
11, 61
Let f(a) = a**3 - 6*a**2 - 2*a. Let v be f(6). Let n(y) = y**2 + 7*y + 26. List the prime factors of n(v).
2, 43
Suppose 0 = 4*z - 5 - 3. Suppose 59 = n + r - z*r, -4*r = n - 64. List the prime factors of n.
2, 3, 5
Suppose 0 = a - h, -10*a + 6*a + 4 = -3*h. What are the prime factors of (a - 52/8)/((-1)/32)?
2, 5
Let o be -23 + (2 + -1)*4. Let d = o + 44. Suppose 0 = -3*k - d + 115. What are the prime factors of k?
2, 3, 5
Let c be ((-3)/6)/(1/(-300)). Suppose 6*l - 3*l = c. Suppose 2*o = l - 8. List the prime factors of o.
3, 7
Let i be -15*(4/3)/(-4). Suppose -i*y + 3*y = -32. List the prime factors of y.
2
Let x be (1 - (-3 - -3))*14. Let s = x + -16. List the prime factors of s/((4/15)/(-2)).
3, 5
What are the prime factors of -2*(-4 - (-153)/(-6))*5?
5, 59
Let a(v) = -6*v**2 - 21*v + 18. Let d(g) = -4*g**2 - 14*g + 12. Let w(i) = 5*a(i) - 8*d(i). List the prime factors of w(-8).
2, 3, 11
Let z(j) = j**2 - 11*j - 2. Let k = -6 + -1. Let s(d) = -d**2 + 5*d + 1. Let t(l) = k*s(l) - 3*z(l). List the prime factors of t(4).
5, 11
Let b(k) be the third derivative of -k**6/120 - 2*k**5/15 + k**4/4 - k**3/3 - k**2. Let w = -154 + 145. What are the prime factors of b(w)?
5
Let g = 14 - 3. Let b(w) = -w**3 + 10*w**2 + 14*w - 15. Let r be b(g). Suppose p = -0*p + r. What are the prime factors of p?
2, 3
Let r = -37 + 271. Suppose 0 = -3*f + f - 4*x + r, 3*f - 333 = 3*x. What are the prime factors of f?
113
Let h(u) = 2*u**3 - 3*u**2 - 3. Let m be h(-3). Let o = m + 54. Let b = o + 60. List the prime factors of b.
2, 3, 5
Let j = -982 + 1820. List the prime factors of j.
2, 419
Let g(k) = -k**3 - 4*k**2 - 4. Let m(c) = 4*c**2 + 5 + c**3 - 9*c - 12*c + 22*c. Let h(l) = -6*g(l) - 5*m(l). What are the prime factors of h(-4)?
19
Let g be (34/(-3))/((-2)/6). Let q(x) = -2*x**3 - 3*x**2 - 4*x - 4. Let v be q(-2). Let s = g - v. What are the prime factors of s?
2, 13
Suppose -4*f - 17 = -3*b, -2*f + 3*f = 2*b - 8. Suppose 5*c + b*m = 380, -2*c + c + 74 = m. List the prime factors of c.
79
Let m(k) = 156*k - 357*k - 15 + 167*k. What are the prime factors of m(-3)?
3, 29
List the prime factors of 6 + -4 + (-3 - -2987) - 6.
2, 5, 149
Let u(a) = -5*a - 2*a - 4*a + 28 + 37. List the prime factors of u(-12).
197
Let p(k) = 274*k - 1145. What are the prime factors of p(16)?
41, 79
Suppose 3*b = -5*a + 34, -a - 1 - 6 = -4*b. Suppose -4*j + 379 = -j + a*u, u = -3*j + 383. List the prime factors of j.
2
Suppose 17*w - 2*w - 8085 = 0. List the prime factors of w.
7, 11
Let q = 21 + -17. Suppose -q*g + j = -359, 3*g - 4*j + 18 - 297 = 0. Let r = 124 - g. What are the prime factors of r?
5, 7
Let h = 569 - -673. List the prime factors of h.
2, 3, 23
Let h(c) = 8*c**2 + 3*c + 4. Let y be h(-4). Let l = y + -211. List the prime factors of 230/26 - 14/l.
3
Let b(z) = z**2 + 2*z. Suppose 4*f = -4*p - p - 15, -5*p + 5*f - 15 = 0. Let s be b(p). Suppose s*x = -x + 8. What are the prime factors of x?
2
Suppose -16 = -0*t - 4*t. Suppose 0 = -t*p - 0*p - 2*w + 10, -5*w - 3 = 3*p. Suppose 0 = 2*i - 5*l - 43, -3*i + p*l + 69 = l. List the prime factors of i.
2, 3
Suppose -4*j + 0*o + 16 = 2*o, -j + o = -7. Suppose 0 = 5*h - 3*x - 565, 103 = h - j*x + 12. What are the prime factors of h?
2, 29
Suppose -18 = -6*c - 0. Suppose -4*g + c*k + 339 = 0, 0 = 5*g - 0*k - 4*k - 424. What are the prime factors of g?
2, 3, 7
Let d(i) = -15*i + 7. Let h(t) = -8*t + 3. Let n(f) = 2*d(f) - 5*h(f). What are the prime factors of n(4)?
3, 13
Let w be (-6)/(1 + -2) + -2. Suppose -2*b - 2*c = 3*c - 163, -w*b + 353 = c. What are the prime factors of b?
89
Suppose 12*x - 20 = 7*x. Suppose 281 = 2*y - v, -x*y - y + v = -704. List the prime factors of y.
3, 47
Let o = -1466 - -1556. List the prime factors of o.
2, 3, 5
Suppose 3*o - c + 3 = 6*o, 3*o - 3*c - 15 = 0. Suppose -o*r + 63 = -11. What are the prime factors of r?
37
Suppose w - 20042 = -21*w. What are the prime factors of w?
911
Suppose -2*n = -5*r - 34, 4*r - 52 = -6*n + n. What are the prime factors of 2/8 + 165/n?
2, 7
Suppose 25 = 3*t + 2*t, 0 = -4*b - 3*t + 15. Suppose b = -8*u + 7*u + 31. What are the prime factors of u?
31
Suppose -13 = 3*f + 2*c, -c - 20 = 4*f + c. Let a(k) = -2*k - 8. What are the prime factors of a(f)?
2, 3
Suppose -4*j + 4107 = -8893. What are the prime factors of j?
2, 5, 13
Suppose -4*i + 20 = -12. Suppose i*w - 5*w = 0. Suppose 3*q + 2*y - 9 - 104 = w, q - 3*y = 45. List the prime factors of q.
3, 13
Let g = -68 + 125. Suppose j = 2*d + d - g, -3*d + 42 = 4*j. What are the prime factors of d?
2, 3
Suppose r + i = -3*i + 10, -4*r + 14 = 3*i. Suppose 3*t - r*p - 58 - 83 = 0, t + 4*p - 61 = 0. What are the prime factors of t?
7
Let p be -1*(-9)/3 + -17. Let m = p + 17. Suppose m*y - 25 - 62 = 0. List the prime factors of y.
29
Let p be 1/((16/(-20))/(-4)). Suppose 19 = p*c - 3*x, 5*x + 0 + 5 = 3*c. Suppose -3*h + 18 = -4*q + 59, c*q - 95 = -5*h. What are the prime factors of q?
2, 7
Suppose -11*w + 7*w = 5*r - 1445, 0 = 2*w + r - 715. List the prime factors of w.
5, 71
Suppose 5*i + j + j - 12 = 0, i + j = 3. Suppose -i*m - 40 = -4*r, 0 = 2*r - 4*m - 19 - 7. List the prime factors of (-8610)/(-135) + 2/r.
2
Let w be (4*(-2)/(-5))/((-12)/(-30)). Suppose w*g - u - 360 = -6*u, 3*u - 178 = -2*g. List the prime factors of g.
5, 19
Let a = 272 + -148. Let y = 248 - a. What are the prime factors of y?
2, 31
Let x = -3 + 157. List the prime factors of x.
2, 7, 11
Suppose 2*y + 7 - 3 = 0. List the prime factors of (-109)/y - (-6)/12.
5, 11
Let n(s) = 3*s**2 - 2*s - 3. Let h be 2/(-4*(-4)/24). Suppose -2*r + 2 = -l, h*r - 4*l - 4 = -11. What are the prime factors of n(r)?
2, 3
Let y = -209 - -625. List the prime factors of y.
2, 13
Suppose o + 2 = 9. Suppose -3*f + 4*f = o. What are the prime factors of f?
7
Suppose -365 = -11*k + 6*k. Suppose -a + k = -20. What are the prime factors of a?
3, 31
Let h(a) = -5 + 5*a - 5*a**2 + 4 - 1 - 2 - a**3. Let i be h(-6). Suppose 5*b - 108 = i*b. List the prime factors of b.
2, 3
Let h = -62 - -64. Suppose h*a + 1012 = 5*l + 5*a, -5*l + 1020 = 5*a. List the prime factors of l.
2, 5
Let o = -5 + 1. Let f = 7 + o. Suppose -f*d = 3, 2*i + d - 3 = -2*d. What are the prime factors of i?
3
Let m = -1813 - -3106. List the prime factors of m.
3, 431
Let g(t) = 180*t**3 - 2*t**2 + 1. Let p be g(-1). What are the prime factors of 1/2*(-1 - p)?
2, 3, 5
Suppose -2*b + 5*q - 33 = 2*b, 2*q = 10. Let c be 16/(-12)*(-3)/b. What are the prime factors of (c/(-2))/((-12)/(-24))?
2
Let f(l) = -5*l + 5. Let s be f(9). Let c = -21 - s. What are the prime factors of c?
19
Let s(x) = 1 - x**2 + 2*x - 7 + 4*x. Let p be s(6). What are the prime factors of p/2 - (-12 - -4)?
5
Let r be -1 - (4/(-6) + (-240)/18). Let n(o) = -o**3 + 14*o**2 - 4*o + 16. List the prime factors of n(r).
7, 19
Suppose 3*l - 1611 = 8*i - 9*i, -l + 4833 = 3*i. List the prime factors of i.
3, 179
Let t(u) = u**3 - 3*u**2 - 4*u + 2. Suppose -4*d + 5 + 11 = 0. Let k be t(d). Suppose -r + k*r + 4*j + 7 = 0, 0 = -4*r + 2*j + 44. List the prime factors of r.
3
Let z = -8 + 6. Let w be (-6 - -40)*z/(-4). Let h = w - 3. List the prime factors of h.
2, 7
Suppose -2*o - 3 + 7 = 0. Suppose -20 = -o*m + 3*n + 29, 121 = 3*m + 5*n. Suppose 4*t = -2*y + m, 5*y - 20 = 5*t - 90. List the prime factors of t.
2, 5
Let r(u) = 2*u**2 - 10*u. Let q be r(11). Let m = q + -55. List the prime factors of m.
7, 11
Suppose 3*n = 15, m - 5*n - 31 = 63. What are the prime factors of m?
7, 17
Let k(u) be the second derivative of -u**4/3 + u**3/6 - u**2/2 + 6*u. Let a be k(3). Let r = -11 - a. List the prime factors of r.
23
Suppose 0 = -3*r + 3*i + 2133, -5*r - i - 2*i + 3515 = 0. List the prime factors of r.
2, 353
Let a = -830 - -1190. Let j = -217 + a. Suppose -399 + j = -4*g. What are the prime facto